of o?
3
Suppose 9 = 5*c - 1, 771 = p + 2*c. What is the tens digit of p?
6
Suppose 3*o = 2*o + 4. Suppose -o = -3*u + 14. Suppose -z = -2 - u. What is the units digit of z?
8
Let d be (-9)/(-6 - -3) + -13. What is the units digit of 130/3 - d/15?
4
Let m = -5 - -8. Suppose -m*a + 4*v = -a - 130, 5*v + 193 = 3*a. What is the tens digit of a?
6
Suppose -5 = -2*h + 3*s, h - 2*s - 2 = -0*h. Let w(c) = 4*c**2 + 5*c - 10. What is the units digit of w(h)?
4
Let o = 1690 - -2303. What is the thousands digit of o?
3
Suppose 10*m = -4*m + 56. Suppose 284 = 4*b - 4*h, 3*b - 5*h - 219 = -m*h. What is the tens digit of b?
7
Let j(l) = 4*l**2 + 10*l - 2. Let q(p) = 3*p**2 + 11*p - 3. Let r(m) = -2*j(m) + 3*q(m). Let k be r(-13). Let c = k - -33. What is the tens digit of c?
2
Let y(v) = 3*v**2 - v + 1. Suppose 0 = -4*w + 8. Suppose d + w*d = 9. What is the tens digit of y(d)?
2
Suppose 0 = 15*y - 5 - 55. Suppose -2*t + y + 2 = 0, -4*u + 5*t = -1125. What is the hundreds digit of u?
2
Suppose -g - 2*g = 2*r - 217, -4*r + 5*g + 401 = 0. Suppose -w - w + 175 = -m, 5*m - r = -w. What is the units digit of w?
9
Suppose 5*g + 1 = 1721. Let n = -144 + g. What is the units digit of n?
0
Suppose 0 = -9*v + 2*v + 882. Let s = 113 + v. What is the hundreds digit of s?
2
Let n(v) = 11*v**3 + 5*v**2 - 4*v. Let q(s) = 10*s**3 + 4*s**2 - 3*s - 1. Let a(y) = -3*n(y) + 4*q(y). What is the tens digit of a(2)?
5
Suppose r - 8 = 39. Let w = r - 8. What is the tens digit of w?
3
Suppose x = 7*x - 18. What is the tens digit of x*(-712)/(-84) - 6/14?
2
Let z(r) = 7*r + 2*r + 0*r + 7*r. Let y be z(5). Let f = 138 - y. What is the units digit of f?
8
Let j be 2/(-12)*2*-12. Suppose -3*g - 5*i + 108 = -153, -j*g - i = -348. What is the units digit of g?
7
Let v = 3 - -3. Suppose 5*y + 4 + 7 = -4*d, -d + v = 3*y. Let o = d - -29. What is the units digit of o?
0
Let p be 2/2 - (-5 - -22). Let l = 18 + p. Suppose r - l - 62 = n, 2*r - 123 = 3*n. What is the units digit of r?
9
Let x(k) = 4*k**3 + 13*k**2 - 4. Let h(l) = -5*l**3 - 5*l**3 + 26*l**2 + 19*l**3 - 8. Let i(z) = 3*h(z) - 7*x(z). What is the units digit of i(-13)?
4
Suppose -5*a + 0*a = 15, -4*q = -2*a - 10898. What is the tens digit of q?
2
Let f = -7 + 17. Suppose -f = -5*c, -5*s - 2*c = -2*s - 4. Suppose -x + s*x - 50 = -3*b, -2*b - x + 35 = 0. What is the tens digit of b?
1
Let r = -6 + -3. Let x be -3 + 0 + (-1 - r). Suppose 0 = -x*h + 57 + 53. What is the units digit of h?
2
Let t(w) = -2*w**2 - 14*w - 9. Let p be t(-6). What is the hundreds digit of ((-320)/(-5))/((5 - p)/4)?
1
Let p = 1438 + -967. Suppose -7*i = -p - 68. What is the units digit of i?
7
Suppose -5 = n, -146 - 104 = -k + 2*n. Suppose k = 3*l - 0*l. What is the tens digit of l?
8
What is the thousands digit of 1295 - -4*35/20?
1
Let l(r) = -3 + 2 + 2 + 3*r**3 + 8*r**2 + 0*r - 4*r**3 + 4*r. Let m be (-2)/(-4) - 60/(-8). What is the tens digit of l(m)?
3
Suppose 2*a + 79 - 1655 = 0. What is the tens digit of a?
8
Let j = -18 - -30. Let k = 9 - j. What is the tens digit of 22/(-3*k/9)?
2
Suppose -3*j = b - 111, -4*b + 2*j - 3*j + 433 = 0. Let z = b + -74. Let c = 59 - z. What is the tens digit of c?
2
Let d(l) = 4*l**2 + 8*l + 6. Let j(a) = -7*a**2 - 16*a - 11. Let u(k) = 5*d(k) + 3*j(k). Let r be u(-9). What is the tens digit of 15*(0 + (-32)/r)?
4
What is the units digit of (-113 + 115)/((-2)/(-2422))?
2
Suppose -33*d = 6*d - 101946. What is the units digit of d?
4
What is the units digit of ((-186)/10 - 1)*(-27010)/148?
7
Let o(h) = 40*h - 11. Suppose 3*i - 24 = -3*i. What is the units digit of o(i)?
9
Let l = -32 - -29. What is the units digit of l/(-6) + 265/10?
7
Let q = 25 + -108. Let d = 129 + q. What is the units digit of d?
6
Suppose 5*g - 390 = -5*c, 3*c + g = 5*g + 227. Let s = 2 + c. What is the units digit of s?
9
Let p be 10*((-9)/(-3) - 1). Suppose -i = 3*i + 3*g - p, i - 18 = -4*g. What is the tens digit of ((-138)/12)/((-1)/i)?
2
What is the thousands digit of (10/(-4))/(2/(-1844))?
2
Suppose -x + 4*x - 1394 = 2*f, -2338 = -5*x - 4*f. What is the units digit of x?
6
Let f be 20/(-3)*(-6360)/16. What is the hundreds digit of 4/(-18) + (-2 - f/(-18))?
1
Let d = 445 - -82. What is the units digit of d?
7
Let n be ((-33)/22)/((-3)/20). Let t(k) = k**3 - 9*k**2 - 5*k + 2. Let g be t(n). Let y = g + -16. What is the tens digit of y?
3
Suppose l + 2*l - 36 = -2*k, -5*l = 4*k - 74. Suppose -150 = -3*o + k. What is the units digit of o?
7
Suppose p - 5*t = 5310, 3599 = 2*p - 3*t - 7028. What is the units digit of p?
5
Suppose -2*w + 3*p - 3 = 0, 2*p - 7 = -4*w + 11. Suppose 2*j + 129 = -3*h + 563, 2*j = w*h - 430. What is the tens digit of h?
4
Suppose 3*y = -5 + 11. Suppose f - 4*l - 144 = 0, -l - y*l = -5*f + 788. What is the units digit of f?
0
Let l(h) be the third derivative of -13*h**4/24 + h**3/6 + 3*h**2. What is the tens digit of l(-4)?
5
Suppose -p - 4*k = -1050 - 1878, k = -4*p + 11652. What is the hundreds digit of p?
9
Suppose -2*m = 5*g + 189, m + 75 = -2*g - 0*m. Let b be g + (4 - 0) + -2. What is the tens digit of 4 - (b - 0)*1?
4
Let i = 627 + -277. What is the units digit of i?
0
Let f be 4/(-8)*(37 + 1). Let j = f + 21. Suppose -3*g + 4*v - v + 24 = 0, -j*v = g + 1. What is the units digit of g?
5
Let k(z) = -z**2 - 2*z + 8. Let m be k(-4). Suppose m = -2*r + 1 + 3. Suppose r*s = -2*p + 84, -5*p - 3*s + 175 = -5*s. What is the tens digit of p?
3
Let i(m) = 32*m. Let s be i(1). Suppose 31 + s = l. What is the tens digit of l?
6
What is the hundreds digit of (-17)/((-34)/1652) - -1?
8
Suppose 4*v - 3*v = -2*h + 8, 4*h = 2*v - 32. Suppose 5*m - 3 = v. What is the units digit of m?
3
Let z be ((-8)/6)/(-2)*3. Let f = 4 - z. What is the units digit of f/(-9) - 1000/(-45)?
2
Let w be -14*(0 - 4) - 2. Suppose -4*z + w = 2*x + 3*x, z = 5*x - 49. What is the units digit of x?
0
Let k(a) = a**3 + 4*a**2 + 3*a - 7. Let i be k(-3). Let j = i + 13. Suppose -74 = -j*x + 2*x - 2*w, 0 = 2*w - 6. What is the units digit of x?
7
What is the hundreds digit of -4 + ((-9)/(-3) - -109) + -4?
1
Let d = 14 + 1689. What is the tens digit of d?
0
Let q = 96 + -92. What is the hundreds digit of ((q - 119)/1)/((-2)/4)?
2
Suppose -9 = 3*f, 2*d - 6*f - 71 = -f. Let s(n) = 2*n + 3. Let g be s(-1). Let t = g + d. What is the tens digit of t?
2
What is the units digit of 8/(-16) - 3153/(-6)?
5
Suppose 58 = -8*y + 9*y. What is the units digit of y?
8
What is the units digit of 2 - (-122)/4*(-12)/(-2)?
5
Suppose 9*x - 208 - 413 = 0. Let p(i) = -2*i**3 + i**2 - i - 2. Let q be p(2). Let u = x + q. What is the tens digit of u?
5
Let m(p) = 13*p + 4. Let f be m(3). Let v(s) = 3*s**3 - 7*s**2 + 16*s + 1. Let x be v(2). Let u = f - x. What is the tens digit of u?
1
Let x = 590 - 351. What is the hundreds digit of x?
2
Let j = -2 - -34. Let q = 45 - j. What is the units digit of q?
3
Let n(z) = z**3 - 5*z**2 - 6*z + 2. Let p be n(6). Suppose 4*m + p*q - 808 = 0, m - 31 = 2*q + 161. Suppose s - m = -3*s. What is the units digit of s?
0
What is the tens digit of ((-7)/2)/(8267/(-826) - -10)?
1
Let p(n) be the first derivative of 13*n**4/4 - n**2/2 + n - 2. Let z = -18 - -19. What is the tens digit of p(z)?
1
Let a(m) = -m**3 - 3*m**2 - 6*m - 5. Let q be a(-2). What is the tens digit of 1145/5*(q + -2)?
2
Let p = -19 - -30. Suppose -p = -0*y - 2*y + v, 9 = 3*y + v. Suppose 0 = -3*a + 6, 2*m - 3*m - y*a + 10 = 0. What is the units digit of m?
2
Let x(i) = -3*i + 2 - 6 + i**3 - 9 - 11*i**2 - 8*i. Let v be x(12). What is the units digit of v + 4 - (-2 - -1)?
4
Let x(n) = n**2 - 2*n. Let q be x(2). Suppose -5*u + q*u + 34 = -3*v, -5 = 2*u + 5*v. Suppose 0 = -u*m, -4*m + 22 + 78 = 5*t. What is the units digit of t?
0
Suppose -17*j = 24*j - 51578. What is the units digit of j?
8
Let m = -3 - -5. Suppose -4*i - 23 = n, m*i - 13 = 4*n + 7. Let l(k) = -k**3 - 8*k**2 - 9*k - 7. What is the units digit of l(n)?
7
Suppose 2*n - 1094 = -0*m + 2*m, 4*m = 20. What is the hundreds digit of n?
5
Suppose 0 = 2*o - 5*o. Suppose -2*j + 0*j - 5*x + 187 = o, 0 = 2*j - 5*x - 177. What is the units digit of j?
1
Let p be (14 - 2)/(-4) + 3. Suppose -l + p*l + 11 = 3*c, -3*l + 2*c = -44. What is the tens digit of l?
1
Let w(z) = -5*z + 29. Let s be 2 - (4 + 47)/3. What is the tens digit of w(s)